 0. What are the prime factors of n?
2, 5, 11, 17
Suppose 66*p + 5*a = 70*p - 37, 15 = 5*a. Let d(c) = c**2 - c - 2. Let t be d(4). Suppose -t*k = -p*k + 813. List the prime factors of k.
271
Let p(b) = -b**2 + 2*b + 5. Let f(u) = u**3 + 7*u**2 + 6*u - 2. Let h be f(-6). Let x be p(h). List the prime factors of (x - 4)/(2/(-6)).
3, 7
What are the prime factors of 2186/(-4)*(-29 - -15)*(2 - 1)?
7, 1093
Let j(d) = -58*d - 23. Let w be (8/16)/(4/(-88)). What are the prime factors of j(w)?
3, 5, 41
Let y(w) = -w**3 - 4*w**2 - 4*w - 10. Let b be y(-4). Let m(p) = 2*p + 11 - 2*p + 4*p + p. List the prime factors of m(b).
41
Let t(u) = -22*u**2 + 17*u - 115. Let n(w) = -21*w**2 + 17*w - 111. Let y(a) = -7*n(a) + 6*t(a). List the prime factors of y(5).
13, 29
Let d(j) be the third derivative of j**5/10 + j**3/6 + 41*j**2. List the prime factors of d(-6).
7, 31
Let t(q) be the second derivative of 11*q**3/3 + 86*q**2 + 3*q + 8. What are the prime factors of t(38)?
2, 3, 7
Let g(o) = 2900*o**3 - 20*o**2 + 18*o + 3. What are the prime factors of g(1)?
3, 967
Suppose -62*i + 66*i + 2*d - 22078 = 0, 2*d = -2*i + 11038. What are the prime factors of i?
2, 3, 5, 23
Let l be (12/9)/(2/6). Suppose 936 = 4*a + 4*c, 0*c = -a - l*c + 243. What are the prime factors of a?
3, 7, 11
Suppose 3*a - 23*n + 28*n - 19177 - 17594 = 0, 0 = n. What are the prime factors of a?
7, 17, 103
Let t(f) be the third derivative of -f**5/60 - 2*f**4/3 - 3*f**3 + 5*f**2. Let z be t(-16). List the prime factors of ((-9)/2)/(3/z).
3
Suppose -5*r = -5*j + 10, 5*j = 19 - 4. Let o(i) = -5*i**2 + 6*i - 4. Let l be o(4). Let f = r - l. List the prime factors of f.
61
List the prime factors of 21275 - (5 - 0 - (-5)/((-30)/18)).
3, 7, 1013
Suppose 0 = 83*l - 4613835 + 71992. What are the prime factors of l?
54721
Let q(f) = 2985*f**2 + 1368*f - 5476. List the prime factors of q(4).
2, 11939
Let s = -23 - -88. Let g = -39 + s. Suppose -20*f = -22*f + g. What are the prime factors of f?
13
Let w(k) = k**2 + 1032*k + 19335. What are the prime factors of w(0)?
3, 5, 1289
Let k(p) = -10*p - 12. Let t be k(-5). Let y = t - 29. Suppose 0 = -y*n + 73 + 188. What are the prime factors of n?
29
Let z = -333 + 737. Let d = z + 401. Suppose 6*j + 127 = d. List the prime factors of j.
113
Suppose -18449 = -16*t + 16224 + 61839. List the prime factors of t.
2, 13, 29
Let c = -7787 + 32829. What are the prime factors of c?
2, 19, 659
Let n(z) = z**3 + 18*z**2 + 23*z + 20. Let t be n(-17). Let p = t - -509. Let b = p + -243. What are the prime factors of b?
2, 23
Let y = 5991 - 12621. What are the prime factors of y/(-9) + (-48)/18?
2, 367
Let d(v) = -965*v - 391. What are the prime factors of d(-10)?
47, 197
Suppose -20*g + 9*g + 9838 = 2*c, -c + 4928 = 4*g. What are the prime factors of c?
2, 619
Suppose 0 = -4*l + 2*l - 2344. Let m = 1666 + l. List the prime factors of m.
2, 13, 19
Suppose 0 = 2*z - 8816 - 3650. Suppose z + 5103 = 52*s. List the prime factors of s.
2, 109
Suppose 0 = -u - 3, -4*u + 24 = -0*p + 4*p. Let q be -6*(15/p - -1). List the prime factors of (-452)/q + 9/12.
29
List the prime factors of (-17 + 23)/(37028/(-18520) - -2).
2, 5, 463
Let y(k) = 6*k - 55. Let f be y(10). Suppose x = -f*x + 1392. List the prime factors of x.
2, 29
Let x(a) = a**2 - 15*a + 66. Let k be x(8). Suppose -5*c = -1942 + 97. Suppose k*z - c = 221. List the prime factors of z.
59
Let p be (16/(-10))/(60/(-23850)). Suppose p = -5*a + 1946. List the prime factors of a.
2, 131
Suppose 2*u + 4*m = 74346, -3*u - m + 48530 = -62959. List the prime factors of u.
3, 4129
Let z(m) = 10*m - 6. Let h be z(-14). Let a = 90 - h. List the prime factors of a.
2, 59
Let q(z) = z. Let d(w) = -2*w**2 + 11*w - 17. Let f(b) = -d(b) + 6*q(b). Let a be f(9). Suppose -s = s - a. What are the prime factors of s?
67
Let c(y) = 4*y + 23. Let z be c(-5). Suppose 5 = -s, 162 - 51 = 3*p - z*s. Suppose 4*d = 5*d - p. What are the prime factors of d?
2
Suppose -i - 3*i = -20. Let d = -30 - -97. Suppose i*y - u = 63, -2*u + d = 5*y - u. What are the prime factors of y?
13
Suppose -9*s + 8 = -7*s + 4*f, 8 = -5*s + 4*f. Let w(z) = -2*z**3 - 3*z**2 - 4*z - 6. Let j be w(-6). Suppose s = 11*l - 13*l + j. List the prime factors of l.
3, 19
Let b be (-22)/14 + 1 + (-303)/21. List the prime factors of (1668/b)/(-5*(-6)/(-75)).
2, 139
Suppose -2*z = -2*t + 17 + 9, -4*t + 52 = -z. Suppose t*h = 17*h - 1896. What are the prime factors of h?
2, 3, 79
Let u(m) = -5*m - 8. Let a be u(-7). Suppose -5*p + w - 45 = 6*w, -w = -3*p - a. Let z(n) = -8*n + 7. List the prime factors of z(p).
79
Let m(k) = 6*k - 36. Let x(d) = -d**3 + d**2 + 2*d + 14. Let c be x(0). Let w = -3 + c. List the prime factors of m(w).
2, 3, 5
What are the prime factors of 272256/7 + (-50)/(-175)?
2, 19447
Suppose 5*t - 47 = 3. Suppose -57 = 2*j - 5*n + 77, 5*n + t = 0. List the prime factors of j/(-3) + 3 - 0.
3
Let j(b) = 7*b**3 + 48*b**2 - 115*b + 6. Let y(t) = 20*t**3 + 142*t**2 - 342*t + 17. Let a(r) = 17*j(r) - 6*y(r). List the prime factors of a(-39).
2, 3, 5, 13
Suppose -5*b - 5*i + 15737 = -24263, 3*b - 23992 = 5*i. What are the prime factors of b?
19, 421
Suppose 0 = 5*g - 25 - 0. Let y(i) = 40*i + 13. Let f(b) = 46*b + 13. Let h(j) = -3*f(j) + 4*y(j). List the prime factors of h(g).
3, 41
Suppose 15 = -3*c, 5*l - 80430 = 97*c - 94*c. List the prime factors of l.
3, 1787
Let v be (-2 + 0)/(-3*(-4)/2766). Let c = -1221 - v. Let r = -492 - c. List the prime factors of r.
2, 67
Let v be 62/2*-8*(-1)/8. Suppose -25*u + v*u - 1506 = 0. What are the prime factors of u?
251
Let t(g) = g**3 - 4*g**2 + 2*g + 5. Let x be t(3). Suppose x*i - 604 = -5*y, 4*i - y = 3*y + 1236. Let v = 505 - i. List the prime factors of v.
2, 3, 11
Let v(p) = 7 + 4 - 10 + 25*p. Let u be 7/((-7)/2) + 4. What are the prime factors of v(u)?
3, 17
Suppose 1879*x - 1894*x + 137243 = -484087. What are the prime factors of x?
2, 139, 149
Let q = 95 - 92. Let m be 1 + -4 + q + 72. Let o = 83 - m. List the prime factors of o.
11
Suppose 0 = 81*t - 82*t + 88. Suppose -t*m = -89*m + 16. What are the prime factors of 13/((-52)/m) - 3*-60?
2, 11
Suppose -11 = 3*s + 4, 228296 = 9*g - 4*s. List the prime factors of g.
2, 17, 373
Let y be (6 - (-26)/(-5)) + (-6348)/10. Let t = y + 892. What are the prime factors of t?
2, 3, 43
Let p = 94 - -37. Suppose 2*t + p = -f, t - 70 = 2*t + 5*f. Let z = 108 + t. List the prime factors of z.
43
Suppose -1043*w + 1032*w = -407814. List the prime factors of w.
2, 3, 37, 167
Suppose 3*y - 4*y - 6585 = 5*t, -2*t = 2*y + 2626. Let r = -656 - t. What are the prime factors of r?
2, 331
Suppose 5*j = -83 - 11202. Let x = -1211 - j. List the prime factors of x.
2, 523
Suppose h + 285 = 4*w, -w + 5*h = -6*w + 375. Suppose 6*t = -24 + w. Suppose 300 = -4*a + t*a. List the prime factors of a.
3, 5
Suppose 7*r = 3*r + 232. Let z = r - 57. Suppose z = c - 143. What are the prime factors of c?
2, 3
Let x(y) = 64*y**3 - 2*y**2 - 14*y + 7. List the prime factors of x(6).
5, 547
Let h(l) = -5*l**3 - 102*l**2 + 93*l - 179. List the prime factors of h(-33).
7, 9337
Suppose -69*y + 93*y - 86098 + 12610 = 0. What are the prime factors of y?
2, 1531
List the prime factors of 10501/(-2)*(-24 + (12 - -10)).
10501
Suppose -4*p - 4 = 4*d, -p + 3*p - 3 = -3*d. List the prime factors of -16*15/p*728/70.
2, 13
Let g be 4*(2/(-8))/((-1)/3). Suppose -g*u + 8*u = 25. Suppose 0*m + 4*w = m - 35, 156 = 3*m + u*w. List the prime factors of m.
47
List the prime factors of 1*7471 + (4/(-20) - 868/(-140)).
7477
Suppose -4*r - 42047 = -5*s, 745*s + 2*r + 8413 = 746*s. What are the prime factors of s?
7, 1201
Let n = 181 + -338. Let y = n - -431. What are the prime factors of y?
2, 137
Suppose 0 = -5*a + 9*a + 56. Let w(g) = -g**3 - 18*g**2 - 58*g + 13. List the prime factors of w(a).
41
Let j(h) be the second derivative of h**3/6 + 5*h**2/2 - 36*h. Let s be j(3). List the prime factors of 15548/69 - s/6.
2, 7
Let h(o) be the third derivative of -o**5/60 - 23*o**4/24 - o**3/3 - o**2. Let a(n) = -155*n + 1068. Let q be a(7). What are the prime factors of h(q)?
2, 5
Let p = 12952 + -3369. What are the prime factors of p?
7, 37
Let j(y) = -y**2 - 4*y - 2. Let h(n) = n**2 - n. Let a(o) = -2*h(o) - j(o). Let z be a(2). List th